 24 - 21, 2*i + 50 = 5*h. Calculate the remainder when 2145 is divided by h.
9
Suppose 0 = -3*z + 10*z - 700. Calculate the remainder when z is divided by ((-405)/(-30) - 14)*-26.
9
Suppose -129*j + 124*j - 2*g + 156 = 0, -4*j + 164 = -4*g. Suppose 2*x + 69 = 7*x - 2*o, -o + 24 = 2*x. What is the remainder when j is divided by x?
8
Suppose -9 = 3*h, -2*n = -0*n - 4*h - 142. Let d = 74 - n. What is the remainder when d is divided by 3?
0
Let i(b) = 289*b + 3460. Calculate the remainder when i(-10) is divided by 44.
42
Suppose -11*k - 952 = -19*k. Suppose 6*r - k = 103. What is the remainder when 368 is divided by r?
35
Let q(p) be the second derivative of p**5/20 - 11*p**4/12 - 7*p**3/2 + 3*p**2 + 28*p. What is the remainder when 1348 is divided by q(13)?
70
Suppose -2442 = 28*o - 34*o. Suppose 7*z + o = 44*z. What is the remainder when 26/3*36/8 is divided by z?
6
Suppose -c = -5*l + 45, c - 4*l + 44 = -0*l. Let f = c + 42. Suppose 69 = 3*p + f*t + 7, 2*t + 78 = 4*p. What is the remainder when 95 is divided by p?
15
Suppose 0 = k - 3*k + 6. Suppose -5*d - k*o = -6*o - 66, 4*d - 2*o - 54 = 0. Let z = 148 + -139. What is the remainder when d is divided by z?
6
Let t = -16 + 21. Let n(i) = 19*i**2 - 15*i + 3. Let h(z) = -10*z**2 + 7*z - 1. Let g(c) = 11*h(c) + 6*n(c). What is the remainder when g(t) is divided by 12?
6
What is the remainder when 205 is divided by (-2 - (-3)/(-1)) + 708 + -619?
37
Let w(g) = 2*g**3 - 29*g**2 - 39*g - 55. Calculate the remainder when 431 is divided by w(16).
75
Let f(m) = m**2 + 4*m - 21. Calculate the remainder when 358 is divided by f(8).
58
Let z = 86 - 66. Calculate the remainder when z is divided by 1.
0
Let j(n) = -12*n**3 - 3*n**2 - 11*n + 6. Calculate the remainder when 364 is divided by j(-2).
28
Let v be 1/6 + 24017/42. Let j = 1032 - v. Calculate the remainder when j is divided by 33.
31
Let k(z) = -z**3 - 4*z**2 - 7*z - 3. Let u be k(-3). Suppose 52 = 5*j - 3*v - u, -v = 2*j - 31. Calculate the remainder when 37 is divided by j.
9
Let r be (207/(-18))/((-1)/(-2)*1). Let i = 40 + r. Suppose -37*d + 36*d = -i. Calculate the remainder when 48 is divided by d.
14
Let q(f) = 38*f**2 + 2*f - 6. Let w be q(3). Suppose 2*u + w = 2*s - 2*u, 2*s = 2*u + 344. What is the remainder when s is divided by 25?
23
Let t = -77 - -214. Let s = -107 + t. Suppose h - 17 = -6. What is the remainder when s is divided by h?
8
Let y be 1356/(-565)*(-2 - -199 - 2). Let p = -433 - y. Let o(m) = -22*m**3 + 2*m**2 - 1. Calculate the remainder when p is divided by o(-1).
12
Let w = -135 + 135. Suppose -59 = -2*f - 4*x + 139, w = f + 3*x - 100. What is the remainder when f is divided by 20?
17
Let x = -271 + 276. Suppose 0 = -2*v + 4*o + 328, 834 = x*v + 3*o - 6*o. Calculate the remainder when v is divided by 19.
16
Let v = 8283 - 7880. What is the remainder when v is divided by 167?
69
Let v = -16258 + 16497. Calculate the remainder when 829 is divided by v.
112
Let i = 35 + -35. Suppose i = -8*c - 69 - 147. Let r = 2 - c. Calculate the remainder when r is divided by 8.
5
Let j = 10 + -5. Suppose -757 - 1138 = -5*d + 5*z, -4*d - j*z = -1498. Calculate the remainder when d is divided by 18.
17
Let x be -2 - -7 - -14*13. Suppose -185*u - 12 = -x*u. Let q(z) = -9*z + 2. Calculate the remainder when q(-2) is divided by u.
2
Let q = -1814 - -1866. What is the remainder when 463 is divided by q?
47
Let y be (3/(-2))/(13/(-2) + 6). Suppose y*f + 33 = 2*t - 51, t = f + 43. Calculate the remainder when 268 is divided by t.
43
Suppose -4*y = -p + 141, 5*p - 8*y + y = 692. Let b(o) = o**2 - 14*o - 18. Calculate the remainder when p is divided by b(16).
11
Let n(r) = r**2 - 15*r + 109. What is the remainder when n(14) is divided by 7?
4
Let c(h) be the second derivative of -5*h**3/6 - 63*h**2/2 + 10*h. What is the remainder when 35 is divided by c(-14)?
0
Let a be 18/(-45)*(0/1 - -10). Let u = 9 + a. Suppose -u*b + b = 5*j - 171, -3*j - 3 = 0. What is the remainder when b is divided by 15?
14
Let a(n) = n + 76. Let x be 1/(-3) + (-19552)/(-3). Calculate the remainder when 2/(-12) - x/(-42) is divided by a(-24).
51
Let l = -2436 + 3142. Calculate the remainder when l is divided by 79.
74
Let a = 285 + -278. Suppose -33*l = -a*l - 468. What is the remainder when 48 is divided by l?
12
Suppose -189*v = -192*v + 30. Let n = 8 - 2. Suppose 3*f - n - 15 = 0. Calculate the remainder when v is divided by f.
3
Suppose -21904 = -16*k - 21*k. Calculate the remainder when k is divided by 10.
2
Suppose -4*z - 2*n = -328, -357*n = -5*z - 355*n + 392. Suppose -3*g + 68 = -g. What is the remainder when z is divided by (-2)/(-4) - g/(-4)?
8
Let y be 0 + 4 - 2 - (-112 + 2). Calculate the remainder when 152 is divided by y/(-40)*-5*(-2 + 6).
40
Let o(n) = -24*n - 210. Calculate the remainder when o(-15) is divided by 14.
10
Let z = 5033 + -3007. Calculate the remainder when z is divided by 52.
50
Suppose -3*o - 3*h - h = -323, 3*o + 2*h - 319 = 0. What is the remainder when o is divided by 73?
32
Let m = 5384 + -5308. What is the remainder when 605 is divided by m?
73
Let v = -59 - -62. Suppose -v*r + 17 = 5. What is the remainder when r is divided by 1?
0
Suppose -220*n - 160 = -225*n - 3*b, 0 = 3*n - 3*b - 72. Suppose -4*q = 3*m - 519, -5*m - 2*q = q - 865. Calculate the remainder when m is divided by n.
28
Suppose 4367 + 9908 = 25*u. What is the remainder when u is divided by 146?
133
Let a be (-6)/36 + (-150)/(-36). Suppose -a*l + 106 = 2*v - 74, -5*v - 3*l = -422. What is the remainder when v is divided by 22?
16
Let d(z) = -2*z**2 - 86*z - 63. What is the remainder when 228 is divided by d(-42)?
18
Suppose 0 = 2*b - 2*r + 5*r + 1601, -5*b = -r + 4028. Let c = b + 809. What is the remainder when 16 is divided by c?
0
Suppose -88*k - 126*k + 72*k = -319216. What is the remainder when k is divided by 448?
8
Let j = -47 - -51. Suppose j*p = 4*q - 120, q + 2*q = -2*p + 70. Calculate the remainder when 76 is divided by q.
24
Calculate the remainder when (-42)/10*((-2)/17 + (-1814219)/6681) is divided by 103.
8
Let f = -585 - -4. Let g = f - -590. What is the remainder when 35 is divided by g?
8
Calculate the remainder when 21095/14 - (-13 + (-5549)/(-434)) is divided by 330.
187
Let g = -868 + 2794. Suppose 15*a = 9*a + g. Calculate the remainder when a is divided by 9.
6
Suppose 2*b = -5*c - 148 - 46, -c = -4*b + 30. Let v(n) = n**2 + 35*n - 99. What is the remainder when 56 is divided by v(c)?
11
Let q = 48 - 33. Let a(t) = -3*t**2 - t - 10. Let n be a(-5). Let o = n - -88. What is the remainder when q is divided by o?
7
Let p(b) be the first derivative of 148*b - 1/4*b**4 + 0*b**3 - b**2 + 7. What is the remainder when p(0) is divided by 25?
23
Suppose -5*y - 4*b + 973 = 0, -254*y + 252*y = -b - 384. Calculate the remainder when 2680 is divided by y.
171
Let c be (-430)/(-8) + 21/(-28). Suppose -q + c = -5*s + 245, 93 = 2*s + 5*q. Let p = s + -26. Calculate the remainder when 43 is divided by p.
4
Suppose 145*q - 4393 = 2874 - 1902. What is the remainder when 1003 is divided by q?
4
Suppose y = -d + 6, -5*d + 16 = -2*d + y. Suppose 0*p + 4*p + 2*z - 2 = 0, -p = d*z + 22. Calculate the remainder when 71 is divided by (4/p + 2)/((-10)/(-75)).
21
Let i(a) = 60*a - 1544. What is the remainder when 331 is divided by i(26)?
11
Let o = 750 + -492. What is the remainder when o is divided by 87?
84
Suppose -4*j - 4*o + 64 = 0, -o + 4*o = 3*j - 72. What is the remainder when 748/j - (-6)/(-15) is divided by 14?
9
Let n(y) = y**2 + 9*y + 111. Suppose -5*p - 5*b = 15, 0*p - 2*p = 3*b + 1. What is the remainder when n(p) is divided by 2?
1
Suppose -3*x + 37 = 5*h, -2 + 6 = 4*h - 4*x. Suppose 7*i - 295 = -5*o + 2*i, o = h*i + 53. Let b = -181 + 295. What is the remainder when b is divided by o?
56
Let k(b) = 92*b + 2063. Calculate the remainder when 267 is divided by k(-22).
33
Let h(s) = -2*s - 1. Let n be h(-5). Let o(y) = -y**3 + 2*y**3 - 3 + 8*y**3 - 8*y**3 - 13 + 13*y - 10*y**2. What is the remainder when o(n) is divided by 2?
0
Let m(w) = 5*w**3 - 13*w**2 - 20*w + 32. Let y be m(6). Let l = -441 + y. Calculate the remainder when l is divided by 21.
20
Suppose 4*k + 3*p - 33 - 223 = 0, -3*p + 73 = k. Calculate the remainder when 565 is divided by k.
16
Suppose 39*